{"id":253,"date":"2015-08-11T22:13:09","date_gmt":"2015-08-11T22:13:09","guid":{"rendered":"http:\/\/savoy.nordicmade.com\/product\/classic-chair\/"},"modified":"2025-02-14T21:03:28","modified_gmt":"2025-02-14T21:03:28","slug":"classic-chair","status":"publish","type":"product","link":"https:\/\/gravatorre.ro\/?product=classic-chair","title":{"rendered":"Catedral\u0103 \u00een ruine"},"content":{"rendered":"<p>Fiecare element al acestei catedrale \u00een miniatur\u0103 p\u0103streaz\u0103 m\u0103iestria artizanal\u0103 \u0219i elegan\u021ba arhitectural\u0103 a originalului. Cu pere\u021bii s\u0103i m\u0103run\u021bi\u021bi \u0219i acoperi\u0219ul s\u0103u par\u021bial pr\u0103bu\u0219it, aceast\u0103 catedral\u0103 \u00een miniatur\u0103 eman\u0103 o aur\u0103 de nostalgie \u0219i istorie, oferind o panoram\u0103 fascinant\u0103 a unei lumi uitate.<\/p>\n<p>Dimensiunile mici ale acestei catedrale \u00een ruin\u0103 din lemn \u00eei ofer\u0103 un farmec aparte, aduc\u00e2nd la via\u021b\u0103 \u00eentreaga sa splendoare \u00eentr-un format delicat \u0219i uimitor. Cu detalii fine \u0219i precizie incredibil\u0103, fiecare element, de la ferestrele sparte p\u00e2n\u0103 la detaliile sculptate ale pere\u021bilor, este reprodus cu grij\u0103 pentru a reflecta autenticitatea \u0219i caracterul catedralei originale.<\/p>\n","protected":false},"excerpt":{"rendered":"<p>Catedrala \u00een Ruine din Lemn \u00een Miniatur\u0103 &#8211; O Pies\u0103 de Colec\u021bie Unic\u0103<\/p>\n","protected":false},"featured_media":2797,"comment_status":"open","ping_status":"closed","template":"","meta":[],"product_brand":[],"product_cat":[20],"product_tag":[],"class_list":{"0":"post-253","1":"product","2":"type-product","3":"status-publish","4":"has-post-thumbnail","6":"product_cat-obiecte-din-lemn","8":"first","9":"instock","10":"sale","11":"featured","12":"shipping-taxable","13":"purchasable","14":"product-type-simple"},"_links":{"self":[{"href":"https:\/\/gravatorre.ro\/index.php?rest_route=\/wp\/v2\/product\/253","targetHints":{"allow":["GET"]}}],"collection":[{"href":"https:\/\/gravatorre.ro\/index.php?rest_route=\/wp\/v2\/product"}],"about":[{"href":"https:\/\/gravatorre.ro\/index.php?rest_route=\/wp\/v2\/types\/product"}],"replies":[{"embeddable":true,"href":"https:\/\/gravatorre.ro\/index.php?rest_route=%2Fwp%2Fv2%2Fcomments&post=253"}],"wp:featuredmedia":[{"embeddable":true,"href":"https:\/\/gravatorre.ro\/index.php?rest_route=\/wp\/v2\/media\/2797"}],"wp:attachment":[{"href":"https:\/\/gravatorre.ro\/index.php?rest_route=%2Fwp%2Fv2%2Fmedia&parent=253"}],"wp:term":[{"taxonomy":"product_brand","embeddable":true,"href":"https:\/\/gravatorre.ro\/index.php?rest_route=%2Fwp%2Fv2%2Fproduct_brand&post=253"},{"taxonomy":"product_cat","embeddable":true,"href":"https:\/\/gravatorre.ro\/index.php?rest_route=%2Fwp%2Fv2%2Fproduct_cat&post=253"},{"taxonomy":"product_tag","embeddable":true,"href":"https:\/\/gravatorre.ro\/index.php?rest_route=%2Fwp%2Fv2%2Fproduct_tag&post=253"}],"curies":[{"name":"wp","href":"https:\/\/api.w.org\/{rel}","templated":true}]}}