{"id":3075,"date":"2025-02-16T13:31:40","date_gmt":"2025-02-16T13:31:40","guid":{"rendered":"https:\/\/gravatorre.ro\/?post_type=product&#038;p=3075"},"modified":"2025-02-16T13:31:40","modified_gmt":"2025-02-16T13:31:40","slug":"vas-ciment-roz-neuniform","status":"publish","type":"product","link":"https:\/\/gravatorre.ro\/?product=vas-ciment-roz-neuniform","title":{"rendered":"Vas ciment roz neuniform"},"content":{"rendered":"<p><strong>Produs matri\u021bat manual in atelierul GRAVATORRE. Cu m\u00e2ndrie, f\u0103cut in Rom\u00e2nia. <\/strong><\/p>\n<p><strong>Dimensiune:<\/strong> 14&#215;6 cm<\/p>\n<p><strong>Greutate:<\/strong> 300g<\/p>\n<p>Produs, creat manual, din ciment (NU IPSOS) cu un aspect fin la atingere \u0219i care nu las\u0103 urme pe m\u00e2ini sau haine.<\/p>\n<p>Perfect pentru a depozita obiecte decorative, sau chiar el in sine pot fi ca \u0219i decor.<\/p>\n<p>Fiecare produs este unic, cu imperfec\u021biuni care fac parte din procesul de fabrica\u021bie manual\u0103 (mici pori si g\u0103urele) \u0219i care adaug\u0103 un aer deosebit, fiec\u0103rui produs \u00een parte.<\/p>\n<p><strong>Putem executa la comand\u0103 \u0219i in alte culori. Ne pute\u021bi suna sau trimite un mesaj pe WhatApp la: 0764 589 669 sau 0767 879 244<\/strong><\/p>\n<p><strong>Detalii:<\/strong><\/p>\n<ul>\n<li><strong>Sunt realizate manual<\/strong>: Fiecare produs este creat manual. \u00a0Micile imperfec\u021biuni minore, cum ar fi texturi sau varia\u021bii de culoare nu afecteaz\u0103 calitatea lui.<\/li>\n<li><strong>Nu sunt destinate pentru uz alimentar<\/strong>: Aceste produse sunt destinate exclusiv pentru utilizare decorativ\u0103 \u0219i pentru a sus\u021bine obiecte decorative. Nu sunt potrivite pentru contactul cu alimentele \u0219i nu trebuie folosite \u00een ma\u0219ina de sp\u0103lat vase, cuptorul cu microunde sau cuptor. Fiind din ciment, acestea nu tolereaz\u0103 umiditatea.<\/li>\n<\/ul>\n<p><strong>Timp de execu\u021bie, transport \u0219i retur: <\/strong><\/p>\n<ul>\n<li>Timp de execu\u021bie, \u00eentre 6-10 zile lucr\u0103toare (execut\u0103m doar la comand\u0103)<\/li>\n<li>Transportul este gratuit pentru comenzi mai mari de 300 lei.<\/li>\n<li>Returul este acceptat doar in forma original\u0103 a produsului, nefolosit \u0219i intact, in maxim 14 zile.<\/li>\n<\/ul>\n","protected":false},"excerpt":{"rendered":"<p>Produs matri\u021bat manual in atelierul GRAVATORRE. Cu m\u00e2ndrie, f\u0103cut in Rom\u00e2nia. Dimensiune: 14&#215;6 cm Greutate: 300g Produs, creat manual, din ciment (NU IPSOS) cu un aspect fin la atingere \u0219i care nu las\u0103 urme pe m\u00e2ini sau haine. Perfect pentru a depozita obiecte decorative, sau chiar el in sine pot fi ca \u0219i decor. Fiecare &hellip;<\/p>\n","protected":false},"featured_media":2912,"comment_status":"open","ping_status":"closed","template":"","meta":[],"product_brand":[],"product_cat":[30],"product_tag":[],"class_list":{"0":"post-3075","1":"product","2":"type-product","3":"status-publish","4":"has-post-thumbnail","6":"product_cat-ciment-piatra","8":"first","9":"instock","10":"shipping-taxable","11":"purchasable","12":"product-type-simple"},"_links":{"self":[{"href":"https:\/\/gravatorre.ro\/index.php?rest_route=\/wp\/v2\/product\/3075","targetHints":{"allow":["GET"]}}],"collection":[{"href":"https:\/\/gravatorre.ro\/index.php?rest_route=\/wp\/v2\/product"}],"about":[{"href":"https:\/\/gravatorre.ro\/index.php?rest_route=\/wp\/v2\/types\/product"}],"replies":[{"embeddable":true,"href":"https:\/\/gravatorre.ro\/index.php?rest_route=%2Fwp%2Fv2%2Fcomments&post=3075"}],"wp:featuredmedia":[{"embeddable":true,"href":"https:\/\/gravatorre.ro\/index.php?rest_route=\/wp\/v2\/media\/2912"}],"wp:attachment":[{"href":"https:\/\/gravatorre.ro\/index.php?rest_route=%2Fwp%2Fv2%2Fmedia&parent=3075"}],"wp:term":[{"taxonomy":"product_brand","embeddable":true,"href":"https:\/\/gravatorre.ro\/index.php?rest_route=%2Fwp%2Fv2%2Fproduct_brand&post=3075"},{"taxonomy":"product_cat","embeddable":true,"href":"https:\/\/gravatorre.ro\/index.php?rest_route=%2Fwp%2Fv2%2Fproduct_cat&post=3075"},{"taxonomy":"product_tag","embeddable":true,"href":"https:\/\/gravatorre.ro\/index.php?rest_route=%2Fwp%2Fv2%2Fproduct_tag&post=3075"}],"curies":[{"name":"wp","href":"https:\/\/api.w.org\/{rel}","templated":true}]}}